(-1).
-1
Suppose -2*q = -8, -7 = -4*c + 5*q + 5. Let v(t) = -t**3 + 9*t**2 - 9*t + 10. Give v(c).
2
Let t be 3*3/(-4)*-4 - 1. Let q(o) = -o + 5. What is q(t)?
-3
Let z(x) = -4*x**3 + x + 1. Let t be z(-1). Suppose 0 = -t*s - 12 - 16. Let w(v) = -v - 6. Let d be w(s). Let k(n) = 5*n**3 - n + 1. Calculate k(d).
5
Let z = 15 - 21. Let t be 4/z - (-56)/12. Let r(j) = j**2 - 5*j + 5. What is r(t)?
1
Suppose -13 - 7 = -5*i. Suppose a - 18 = -5*y + 2*a, -i*y - 5*a - 3 = 0. Let r(o) = 0 + 1 - 2*o**2 - 8*o**y + 0*o**2. Determine r(1).
-9
Let m(h) = 0*h - 1 + 3*h - h**2 + 6 - 2. Let y be 1 + 3 - 3/3. Determine m(y).
3
Let s(v) = -v**2 + 4*v - 3. Suppose 0 = b + 4*c - 10 - 13, 2*b + 4 = 2*c. Determine s(b).
0
Let j(p) = -11*p**2 - 8*p + 5. Let w(h) = 6*h**2 + 4*h - 3. Let t(i) = 4*j(i) + 7*w(i). What is t(-3)?
-7
Let h(c) be the second derivative of 7*c**4/12 - 7*c**3/3 + 13*c**2/2 + 3*c. Let d(y) = -2 - 4*y**2 + 7*y + y**2 - 4. Let b(o) = 5*d(o) + 2*h(o). Give b(5).
6
Suppose -6*x = -2*x - 3*u - 5, 0 = 2*x + 3*u - 7. Let t(l) = 4*l + l**x + 0*l + 3 + 0*l**2. Determine t(-4).
3
Let n(l) = l**3 + 5*l**2 - 2*l + 2. Suppose -t - 4*t = 0. Suppose -5 = -t*g + g. Calculate n(g).
12
Suppose -2*x + 4*x - 42 = 3*m, 3 = -m - 3*x. Let h = 6 + m. Let u(r) = -r - 2. Calculate u(h).
4
Let i(p) = -3*p + 0*p + 3*p + 2*p. Let r be (-6 - 0)/(3/(-4)). Let b = 5 - r. Determine i(b).
-6
Let o(g) = g + 13. Let c be o(-10). Let t = c + -3. Let w(u) = -u + u - u + t*u. Give w(-6).
6
Suppose 5*h = -2 - 8. Let w(x) be the third derivative of -x**5/60 + x**4/24 - x**3/3 - x**2. What is w(h)?
-8
Let d(g) be the second derivative of 1/12*g**4 + 0 - 2/3*g**3 - 6*g - 5/2*g**2. Give d(5).
0
Let q be 28 - (-4)/(2*-2). Let y be 4/(-18) + 33/q. Let s(n) = 12*n**2 + n - 1. Determine s(y).
12
Suppose -5*g = -3*n - 64, -5*g - 26 = n - 2*g. Let u = n + 26. Let c(s) = -3*s**2 + 3*s**2 + 3 - s**2 + s. Give c(u).
-3
Let d(q) = q + 13. Let v(w) = -w**2 + w - 9. Let f be v(0). What is d(f)?
4
Let u(s) = -31*s + 4. Let y(n) = -6*n + 1. Let p(b) = 2*u(b) - 11*y(b). Determine p(2).
5
Let r(w) = w. Suppose -s - 9 + 2 = 0. Let c = -5 - s. Suppose -c*j + 4*u - 3 - 1 = 0, -j = 4*u + 2. What is r(j)?
-2
Let k(s) = s**3 + s**2. Let c(h) = -4*h**3 - 8*h**2 + 2*h - 3. Let l(d) = -c(d) - 5*k(d). What is l(2)?
3
Let u(c) = c**2 - 8*c + 9. Let m be u(9). Suppose 4*b - m = 26. Suppose 3*f - h = 7, 3*f - 2*h - b = -0*f. Let i(k) = -6*k**3 + 2*k - 1. Calculate i(f).
-5
Suppose -4*k - k = -25. Let n(o) = o**3 - 4*o**2 - 2*o + 1. Determine n(k).
16
Let s(x) = -x**3 + 0*x + 4*x**2 + 4 - 5 - x. Suppose -1 + 31 = 5*q. Let c be (q/(-1))/(-14 - -12). Determine s(c).
5
Let j = 17 + -11. Let z(a) = a - 4. Let r be z(j). Let q(g) = -g**2 + g - r*g + 7*g. What is q(5)?
5
Suppose -6*d = -5*d - 7. Suppose -5*j + 14 = 4*z, -5*j - d = -z + 9. Let h = z + -11. Let w(c) = c**2 + 7*c + 4. What is w(h)?
-6
Let z(u) = 2*u**2 - 5*u - 4. Suppose -2*r + 8 = -v, -2*r + 14 = -4*v - 0*v. Let m(y) = 2*y + 2 + 2*y + 1 - r*y**2. Let b(g) = 3*m(g) + 4*z(g). Determine b(-6).
5
Let l(t) = -83 + 4*t + 81 - 3*t. What is l(1)?
-1
Suppose 4*v = -5*o - 3 + 4, -3 = -3*o - 3*v. Let w(i) = -3*i. Let p be -2*10/4 - 3. Let g(r) = -5*r. Let u(j) = p*w(j) + 5*g(j). What is u(o)?
3
Let a = 7 + -7. Let i(y) = 2*y + 4. Let m be i(a). Let o(w) = -1 - w + 1 + 1. What is o(m)?
-3
Let g(o) = -o**3 - 55*o**2 - 51*o + 167. Let h be g(-54). Let v(t) = 7*t - 4. Let d(n) = -6*n + 3. Let p(b) = -6*d(b) - 5*v(b). What is p(h)?
7
Let u(t) = -4*t**3 - 13*t**2 + 3*t - 7. Let i(j) = j**3 + j**2 + j + 1. Let q(p) = -5*i(p) - u(p). Calculate q(7).
-5
Let i = -9 - -9. Suppose 0*d + 2*d + 4 = i. Let r(z) = -z**2 + z + 1. Give r(d).
-5
Suppose 20 = -2*y - 3*y. Let t = 7 + y. Let h(k) = -t*k**2 + k + 0*k**2 + 0*k + k**3. Calculate h(3).
3
Let c(z) = z - 2*z + 12*z + 4*z. Give c(-1).
-15
Let n(o) be the third derivative of o**6/120 + o**5/10 - o**4/12 + 8*o**2. What is n(-6)?
12
Let k(s) = 6*s + 35. Let m(x) = x + 6. Let t(j) = 6*k(j) - 34*m(j). Let o = 6 - 1. Suppose 0 = -0*g + 4*g + 5*q, q - 29 = o*g. Determine t(g).
-4
Let m = 6 - 12. Let f(q) = -q - 6. Let s be f(-5). Let r be (s/(-3))/((-1)/m). Let p(w) = -2*w**2 + 2*w. What is p(r)?
-4
Let k(j) = j**3 - 6. Let d = -3 + 3. Suppose 3*a + z + 3*z - 4 = d, -3*z + 3 = 0. Give k(a).
-6
Let f(m) = 5*m**2 + 3*m - 2. Let k(s) = 11*s**2 + 7*s - 4. Let o(w) = 9*f(w) - 4*k(w). What is o(2)?
0
Let t = -6 + 3. Suppose 0 = 6*m - 2*m - 24. Let w(j) = m*j**2 - 1 + 4*j + j**3 + 0 - 2*j**2. Determine w(t).
-4
Let q(s) = -s + 7. Suppose -i + 5*i = 2*v + 26, 0 = 2*i + 4*v + 12. Suppose -3*o + 18 = 2*u, -4*u = -i*o - 0*o + 4. Determine q(o).
3
Let q(z) = -z + 1. Let y be q(-3). Let w(v) be the first derivative of -3*v**2/2 + 4*v + 5. Give w(y).
-8
Let d be (17/(-4) + 3)*(-5 - -1). Let z(x) = -x**3 + 6*x**2 - 2*x + 2. Calculate z(d).
17
Let o = 8 - 4. Let l be (4*1)/(-5 + o). Let b(q) = 4*q**2 + 0*q**3 + 1 - 6 + q**3. Determine b(l).
-5
Let b = 1 - 2. Let y be (12/2)/2 + -3. Let f(u) = 1 + 1 + y*u - 6*u - 1. Calculate f(b).
7
Let t(f) = 3*f + 3. Suppose 2*c + 5*a = -2 - 7, -5*c + 2*a + 21 = 0. Suppose -2*p + 6 = 3*u + 22, 0 = c*p - 5*u - 14. Give t(p).
-3
Let o(r) = r**2 + 6. Let h(w) = -w**2 + w - 5. Let n(a) = 5*h(a) + 4*o(a). What is n(4)?
3
Let w(l) = l**2 + 3*l. Let z be w(-3). Suppose 0 = -5*a - z*a - 5. Let c(j) = 10*j**3 + j + 1. Give c(a).
-10
Let a(w) = -w**3 + 2*w**2 - w. Let s be (3 + (-1 - 4))*-1. Give a(s).
-2
Let u(b) = b**2 + 3*b + 1. Let y be u(-4). Let s(w) = 2*w - w**2 - 4*w + 1 + w - y*w. Give s(-5).
6
Let k be ((-10)/(-15))/(2/3). Let j(t) = -3*t + 3 - k + 2*t - 1. Determine j(-1).
2
Let q(o) be the third derivative of o**5/30 - o**4/3 + o**3 - 15*o**2. Let y be 6 - (-2 - (-3)/1). What is q(y)?
16
Let n(g) = -g**3 - 2*g**2 + 4*g - 1. Suppose 5*v - 2*y - 25 = -0*y, -4*y - 20 = -4*v. Suppose v*u + 11 = 3*i - 13, 5*i = 4*u + 27. Give n(u).
-4
Let c(f) = f**3 + 5*f**2 - 9*f - 5. Suppose -18*h + 6*h - 72 = 0. Calculate c(h).
13
Let a = -4 + 16. Let g = -10 + a. Let w(q) = -q**3 - 2*q**2 + 3*q - 2. Calculate w(g).
-12
Let g(r) = -83 - 2*r**2 + 3*r + 84 - 2*r**3 - 5*r. Calculate g(-2).
13
Let u(s) = 29 + 7*s**2 - s**3 - 2*s + 29 - 63 - 3*s. What is u(6)?
1
Let n(g) = -4*g**3 + g. Let u be (-6)/(-14) + (-24)/(-42). Calculate n(u).
-3
Let c(r) = 2*r - 6. Let s(f) = f**2 + f + 4. Let z be s(0). Calculate c(z).
2
Suppose -5*q + 8 + 17 = 0. Suppose z + 3*z - 2*i - 22 = 0, -q*z + 3*i = -30. Let l(g) = 2*g**3 - 3*g**3 + 5*g - z*g - 2. What is l(2)?
-6
Let r(f) = -2*f - 6. Let j(i) = i - 6 - 8 + 16. Let q(h) = 16*j(h) + 5*r(h). Let l(n) = n**2 - 8*n + 5. Let v be l(7). What is q(v)?
-10
Let m(j) be the second derivative of -j**3/3 - j**2/2 + 33*j. Give m(-2).
3
Let u(c) = c + 8. Suppose -16 = x + 5*z, -7 = 3*x + 2*z + 15. Determine u(x).
2
Suppose 2*r - 2*i = -10, -3*r + 3*i = -i + 14. Let p(m) = m**2 + 5*m - 5. Give p(r).
1
Let h(l) = -l - 4. Let b(s) = s**2 + 6*s + 6. Let d be b(-4). Let v = -8 + 12. Let u be v/22 + d/11. Give h(u).
-4
Let m(y) be the second derivative of -y**5/20 - y**4/3 - 2*y**2 + 26*y. Suppose 0 = 3*b + b + 16. Give m(b).
-4
Let a(b) = b**3 + 5*b**2 - 6. Suppose 4*u - 24 = -3*t, 3 = 5*u - 0*u - 3*t. Let w be (2 - 3)/(u/15). Calculate a(w).
-6
Let r(q) = -q**2 - q + 4. Suppose 4*y + 28 = -2*l, 5*y - 4*l - 2 + 11 = 0. Calculate r(y).
-16
Let g(f) be the third derivative of -7*f**4/24 + f**3/2 + 3*f**2. Suppose -t - 6 = -3*q, -q + 0*t = t - 2. Give g(q).
-11
Let h(m) = m**2. Let u(p) = p**2 - 14*p + 18. Let w be u(12). Let n(i) = 7*i**2 - 3*i - 4. Let t(v) = w*h(v) + n(v). Determine t(5).
6
Let y(f) = -2 + 9*f**2 + 0 + 1. Let k be ((-1)/(-2))/((-1)/2). Give y(k).
8
Let c(m) be the third derivative of -m**4/24 + m**3/3 - m**2. Suppose -5*f = -20 - 5. What is c(f)?
-3
Let r(f) = -2*f**2 + 1. Let q = -264 + 178. Let u be 6/27 - q/18. Suppose -b = 4*b - u. Calculate r(b).
-1
Let i = -16 - -20. Let b(g) be the second derivative of 0 - 2*g + 1/2*g**3 - 1/12*g**4 + 0*g**2. Determine b(i).
-4
Let s(b) = 7*b**2 - 21*b + 10. Let a = 14 - 19. Let c(v) = -3*v**2 + 10*v - 5. Let n(p) = a*c(p) - 2*s(p). What is n(5)?
-10
Suppose -5*b + 2*p = -53, 2*p - 12 = -b + 1. Suppose 4*h - 5 - b = 0. Let n(f) = f**3 - 5*f**2 + 5*f - 2. Give n